{"id":1264,"date":"2025-06-03T13:51:49","date_gmt":"2025-06-03T16:51:49","guid":{"rendered":"https:\/\/redemulheresnano.ufn.edu.br\/?page_id=1264"},"modified":"2025-07-17T23:16:19","modified_gmt":"2025-07-18T02:16:19","slug":"simposio","status":"publish","type":"page","link":"https:\/\/redemulheresnano.ufn.edu.br\/?page_id=1264","title":{"rendered":"Simp\u00f3sio"},"content":{"rendered":"\n<h2 class=\"wp-block-heading has-text-align-center\"> I Simp\u00f3sio Nacional de Mulheres na Nanoci\u00eancia<\/h2>\n\n\n\n<p class=\"has-medium-font-size\">\ud83d\udccd Juiz de Fora &#8211; MG          <\/p>\n\n\n\n<p class=\"has-medium-font-size\">  \ud83d\udcc5 03\/06\/2025 &#8211; 06\/06\/2025<\/p>\n\n\n\n<div style=\"flex-direction: column;gap: 15px\">\n\n  <!-- Instagram -->\n  <a href=\"https:\/\/www.instagram.com\/simposiomulheresnanano\/\" target=\"_blank\" style=\"align-items: center;gap: 16px;text-decoration: none\">\n    <img loading=\"lazy\" decoding=\"async\" src=\"https:\/\/cdn-icons-png.flaticon.com\/512\/2111\/2111463.png\" width=\"45\" height=\"55\" alt=\"Instagram\">\n    <span style=\"font-size: 20px;color: #000\">@simposiomulheresnanano<\/span>\n  <\/a>\n\n<\/div>\n\n\n\n<p><\/p>\n\n\n\n<p class=\"has-medium-font-size\">O\u00a0<strong>1\u00b0 Simp\u00f3sio Nacional de Mulheres na Nanoci\u00eancia\u00a0<\/strong>est\u00e1 acontecendo do dia\u00a0<strong>03 a 06 de junho de 2025<\/strong>\u00a0e ter\u00e1 como tema:\u00a0<strong>O conhecimento e a Inova\u00e7\u00e3o para Cientistas e Profissionais do Futuro<\/strong>.\u00a0Sendo o primeiro evento promovido pela Rede Nacional de Mulheres na Nanoci\u00eancia (Projeto Aprovado na Chamada CNPq no 31\/2023) que prop\u00f5e a\u00e7\u00f5es que visam estimular e apoiar a participa\u00e7\u00e3o ativa de mulheres, incluindo aquelas de diferentes origens \u00e9tnico-raciais, nas \u00e1reas de N&amp;N (Nanoci\u00eancia e a Nanotecnologia)\u00a0e STEAM (Ci\u00eancia, Tecnologia, Engenharia, Artes e Matem\u00e1tica). Para mais informa\u00e7\u00f5es do simp\u00f3sio, <a href=\"https:\/\/www.even3.com.br\/i-simposio-nacional-de-mulheres-na-nanociencia-506480\/\">clique aqui<\/a>.<\/p>\n\n\n\n<p class=\"has-medium-font-size\"><a href=\"https:\/\/redemulheresnano.ufn.edu.br\/wp-content\/uploads\/2025\/06\/cartaz-com-programacao.pdf\">PDF<\/a> com a programa\u00e7\u00e3o completa<\/p>\n\n\n\n<p class=\"has-medium-font-size\"><a href=\"https:\/\/www2.ufjf.br\/noticias\/2025\/06\/04\/a-nanociencia-e-feita-de-gente\/\">UFJF &#8211; A nanoci\u00eancia \u00e9 feita de gente<\/a><\/p>\n\n\n\n<hr class=\"wp-block-separator aligncenter has-text-color has-alpha-channel-opacity has-background is-style-wide\" style=\"background-color:#4f4a30;color:#4f4a30\"\/>\n\n\n\n<h2 class=\"wp-block-heading\">03\/06\/2025 &#8211; Ter\u00e7a Feira<\/h2>\n\n\n\n<p class=\"has-medium-font-size\">8h <strong>Credenciamento<\/strong><\/p>\n\n\n\n<p class=\"has-medium-font-size\">9h<strong> Cerim\u00f4nia de Abertura<\/strong><\/p>\n\n\n\n<h3 class=\"wp-block-heading\">Palestras: <\/h3>\n\n\n\n<p class=\"has-medium-font-size\">9h30 <strong>Mulheres na Nanoci\u00eancia: tecendo uma rede de conhecimento e inova\u00e7\u00e3o<\/strong> &#8211; Profa Dra Solange Binotto Fagan (UFN)<\/p>\n\n\n\n<p><a href=\"https:\/\/redemulheresnano.ufn.edu.br\/wp-content\/uploads\/2025\/06\/Fagan-Simposio-Rede-Mulheres-final.pdf\">Clique aqui<\/a> para acessar os slides da apresenta\u00e7\u00e3o<\/p>\n\n\n\n<p class=\"has-medium-font-size\">10h30 <strong>Mulheres na ci\u00eancia: a qu\u00edmica, f\u00edsica e ci\u00eancias da vida \u00e0 frente do tempo e dos desafios de tr\u00eas s\u00e9culos <\/strong>&#8211; Dr. Igor Carvalho (Horiba)<\/p>\n\n\n\n<p class=\"has-medium-font-size\">11h <strong>Nanotecnologia <\/strong>&#8211; Prof Dr Marcos Assun\u00e7\u00e3o Pimenta (UFMG)<\/p>\n\n\n\n<p class=\"has-medium-font-size\">14h <strong>Novos Materiais Lamelares e Carbon\u00e1ceos: Explorando Propriedades Estruturais, Mec\u00e2nicas e \u00d3pticas da Teoria \u00e1 Aplica\u00e7\u00e3o<\/strong> &#8211; Profa Dra Jenaina Ribeiro Soares (UFLA)<\/p>\n\n\n\n<p><a href=\"https:\/\/redemulheresnano.ufn.edu.br\/wp-content\/uploads\/2025\/06\/Apresentacao_Jenaina_03_06_25.pdf\" target=\"_blank\" rel=\"noreferrer noopener\">Clique aqui<\/a> para acessar os slides da apresenta\u00e7\u00e3o<\/p>\n\n\n\n<h3 class=\"wp-block-heading\">Minicurso:<\/h3>\n\n\n\n<p class=\"has-medium-font-size\">15h <strong>Inova\u00e7\u00e3o e Nanotecnologia a favor da transi\u00e7\u00e3o energ\u00e9tica: H\u00edbridos Pol\u00edmeros Condutores Nano <\/strong>&#8211; Profa Dra Hallen Rezende Calado (UFMG)<\/p>\n\n\n\n<h3 class=\"wp-block-heading\">Oficina:<\/h3>\n\n\n\n<p class=\"has-medium-font-size\">14h <strong>Bora inovar e empreender em Ci\u00eancia! <\/strong>&#8211; Dra Luciana Carvalheira (IEN-CNEN)<\/p>\n\n\n\n<p class=\"has-medium-font-size\">18h30<strong> Sess\u00e3o de P\u00f4ster<\/strong><\/p>\n\n\n\n<hr class=\"wp-block-separator aligncenter has-text-color has-alpha-channel-opacity has-background is-style-wide\" style=\"background-color:#4f4a30;color:#4f4a30\"\/>\n\n\n\n<h2 class=\"wp-block-heading\">04\/06\/2025 &#8211; Quarta Feira<\/h2>\n\n\n\n<h3 class=\"wp-block-heading\">Palestras:<\/h3>\n\n\n\n<p class=\"has-medium-font-size\">8h30 <strong>Empreendedorismo feminino: como fazer e como o Critt te ajuda <\/strong>&#8211; Dra D\u00e9bora Marques (Critt-UFJF)<\/p>\n\n\n\n<p class=\"has-medium-font-size\">9h <strong>Nanotecnologia em Bioengenharia Tecidual e Nanosseguran\u00e7a: Conex\u00f5es para uma Inova\u00e7\u00e3o Segura <\/strong>&#8211; Profa Dra Michele Munk Pereira (UFJF)<\/p>\n\n\n\n<p class=\"has-medium-font-size\">10h <strong>Correlative Microscopy in Materials Science<\/strong> &#8211; Dra Roseli Hiromi Sato (Quantum Design)<\/p>\n\n\n\n<p class=\"has-medium-font-size\">11h <strong>Projetos Inovadores em Grafeno: o papel das ICTs<\/strong> &#8211; Profa Dra Hallen Daniel Rezende Calado (UFMG)<\/p>\n\n\n\n<p class=\"has-medium-font-size\">14h <strong>O Biotipo n\u00e3o \u00e9 um fator limitador: oportunidades para mulheres no mercado de trabalho de instrumenta\u00e7\u00e3o cient\u00edfica<\/strong> &#8211; Dr. Igor Carvalho (Horiba)<\/p>\n\n\n\n<p class=\"has-medium-font-size\">14h30 <strong>CVD growth of nanomaterials<\/strong> &#8211; Profa Dra Indhira Oliveira Maciel (UFJF)<\/p>\n\n\n\n<p class=\"has-medium-font-size\">16h <strong>CRQMG: Na defesa do exerc\u00edcio profissional da Qu\u00edmica e da Sociedade &#8211; Hist\u00f3rico, Legisla\u00e7\u00e3o, Atividades e Atribui\u00e7\u00f5es dos Profissionais da Qu\u00edmica: Perspectivas e Desafios<\/strong> &#8211; Profa Dra Hallen Daniel Rezende Calado (UFMG)<\/p>\n\n\n\n<h3 class=\"wp-block-heading\">Minicursos:<\/h3>\n\n\n\n<p class=\"has-medium-font-size\">15h <strong>O Admir\u00e1vel Mundo Nanom\u00e9trico<\/strong> &#8211; Profa Dra Ivana Zanella da Silva (UFN)<\/p>\n\n\n\n<p class=\"has-medium-font-size\">15h <strong>Propriedades f\u00edsicas de nanomateriais por meio de sua estrutura eletr\u00f4nica<\/strong> &#8211; Dra Simone Silva Alexandre (UFMG)<\/p>\n\n\n\n<h3 class=\"wp-block-heading\">Oficinas:<\/h3>\n\n\n\n<p class=\"has-medium-font-size\">8h <strong>Meninas Programadoras (Prioritariamente para meninas estudantes do Ensino M\u00e9dio)<\/strong> &#8211; Profa Dra B\u00e1rbara de Melo Quintela (UFJF)<\/p>\n\n\n\n<p class=\"has-medium-font-size\">14h <strong>Brinquedos Cient\u00edficos de baixo custo (Professoras\/es de ci\u00eancias do ensino fundamental; estudantes de pedagogia e de licenciaturas das \u00e1reas das ci\u00eancias da natureza)<\/strong> &#8211; Prof Dr Paulo Henrique Dias Menezes (UFJF)<\/p>\n\n\n\n<p class=\"has-medium-font-size\">14h <strong>Mundo Nano em Jogo (Professoras\/es do Ensino B\u00e1sico) <\/strong>&#8211; Profa Dra Solange Binotto Fagan (UFN), Me J\u00falia Vaz Schultz (UFN), Nathalia Mundt Bonadeo (UFN)<\/p>\n\n\n\n<p class=\"has-medium-font-size\">19h&nbsp;Ci\u00eancia&nbsp;ao&nbsp;Bar<\/p>\n\n\n\n<hr class=\"wp-block-separator aligncenter has-text-color has-alpha-channel-opacity has-background is-style-wide\" style=\"background-color:#4f4a30;color:#4f4a30\"\/>\n\n\n\n<h2 class=\"wp-block-heading\">05\/06\/2025 &#8211; Quinta Feita<\/h2>\n\n\n\n<h3 class=\"wp-block-heading\">Palestras:<\/h3>\n\n\n\n<p class=\"has-medium-font-size\">8h30 <strong>Da propriedade intelectual \u00e0 transfer\u00eancia de tecnologia: o caso do CRITT\/UFJF<\/strong> &#8211; Dra Ana Carolina Antunes Vidon (CRITT\/UFJF)<\/p>\n\n\n\n<p class=\"has-medium-font-size\">9h <strong>Nanomateriais de Grafeno e suas aplica\u00e7\u00f5es em biossensores para uso em condi\u00e7\u00f5es espaciais<\/strong> &#8211; Profa Dra Ana Melva Champi Farf\u00e1n (UFABC)<\/p>\n\n\n\n<p class=\"has-medium-font-size\">9h30 <strong>Uma nanopart\u00edcula diferente: Pontos Qu\u00e2nticos de Carbono<\/strong> &#8211; Prof Dr Sendy Melissa Santos do Nascimento (UFRN)<\/p>\n\n\n\n<p class=\"has-medium-font-size\">10h30 <strong>Meninas e jovens nas Ci\u00eancias Exatas, Engenharia e Computa\u00e7\u00e3o: o papel do CNPq na \u00faltima d\u00e9cada <\/strong>&#8211; Dra Maria Lucia de Santana Braga (CNPq)<\/p>\n\n\n\n<p class=\"has-medium-font-size\">11h30 <strong>Quem tem um sonho n\u00e3o dan\u00e7a<\/strong> &#8211; Grupo Mulheres do Brasil<\/p>\n\n\n\n<p class=\"has-medium-font-size\">14h <strong>Mulheres na Ci\u00eancia: ontem, hoje\u2026 Sempre!<\/strong> &#8211; Profa Dra Ana Claudia Monteiro Carvalho<\/p>\n\n\n\n<p class=\"has-medium-font-size\">14:30 <strong>Redes Metalorganicas Porosas (MOFs): das s\u00ednteses \u00e0s aplica\u00e7\u00f5es <\/strong>&#8211; Profa Dra Charlane Cimini Corr\u00eaa (UFJF)<\/p>\n\n\n\n<p class=\"has-medium-font-size\">15h <strong>Protagonismo negro e feminino em C&amp;T <\/strong>&#8211; Anna Maria Canavarro Benite (UFG)<\/p>\n\n\n\n<p class=\"has-medium-font-size\">16h30 <strong>Apresenta\u00e7\u00e3o Oral de Trabalhos Selecionados &#8211; Sess\u00e3o 1<\/strong><\/p>\n\n\n\n<h3 class=\"wp-block-heading\">Oficinas: <\/h3>\n\n\n\n<p class=\"has-medium-font-size\">8h <strong>Desvendando a beleza estrutural dos minerais lamelares<\/strong> &#8211; Dra Ingrid David Barcelos (CNPEM)<\/p>\n\n\n\n<p class=\"has-medium-font-size\">9h <strong>Do nano ao macro sustent\u00e1vel: vermicompostagem como ferramenta em busca da sustentabilidade<\/strong> &#8211; Profa Dra Fernanda Ribeiro do Carmo Damasceno (UnB)<\/p>\n\n\n\n<p class=\"has-medium-font-size\">14h <strong>Ideathon das nanoci\u00eancias (Parte 1)<\/strong> &#8211; Profa Dra Priscila Vanessa Zabala Capriles Goliatt (UFJF)<\/p>\n\n\n\n<p class=\"has-medium-font-size\">18h30 <strong>Sess\u00e3o&nbsp;de&nbsp;P\u00f4ster<\/strong><\/p>\n\n\n\n<hr class=\"wp-block-separator aligncenter has-text-color has-alpha-channel-opacity has-background is-style-wide\" style=\"background-color:#4f4a30;color:#4f4a30\"\/>\n\n\n\n<h2 class=\"wp-block-heading\">06\/06\/2025 &#8211; Sexta Feira<\/h2>\n\n\n\n<p class=\"has-medium-font-size\">9h <strong>Apresenta\u00e7\u00e3o oral de trabalhos selecionados &#8211; Sess\u00f5es 2 e 3<\/strong><\/p>\n\n\n\n<h3 class=\"wp-block-heading\">Palestra<\/h3>\n\n\n\n<p class=\"has-medium-font-size\">11h30 <strong>Mulheres no topo: o que falta para chegarmos l\u00e1?<\/strong> &#8211; Me. Fl\u00e1via Val\u00e9rio Lopos (UFJF)<\/p>\n\n\n\n<p class=\"has-medium-font-size\">14h<strong> Explorando novos horizontes: a conexao entre o Sirius e a Nanotecnologia <\/strong>&#8211; Dra Ingrid David Barcelos (CNPEM)<\/p>\n\n\n\n<p class=\"has-medium-font-size\">9 -12h e 14-16h <strong>Ideathon das nanoci\u00eancias (Parte 2)<\/strong> &#8211; Profa Dra Priscila Vanessa Zabala Capriles Goliatt (UFJF)<\/p>\n\n\n\n<h3 class=\"wp-block-heading\">Mesa Redonda:<\/h3>\n\n\n\n<p class=\"has-medium-font-size\">15h30 <strong>Mulheres na Ci\u00eancia: desafios e oportunidades<\/strong> &#8211; Profa Dra D\u00e9bora Peres Menezes (CNPq), Dra Juana Nunes Pereira (MCTI), Profa Dra Marcia Cristina Bernardes Barbosa (UFRGS), Profa Dra Z\u00e9lia Maria da Costa Ludwig (UFJF)<\/p>\n\n\n\n<p class=\"has-medium-font-size\">18h30<strong> Sess\u00e3o de premia\u00e7\u00e3o de trabalhos&nbsp;e&nbsp;encerramento<\/strong><\/p>\n","protected":false},"excerpt":{"rendered":"<p>I Simp\u00f3sio Nacional de Mulheres na Nanoci\u00eancia \ud83d\udccd Juiz de Fora &#8211; MG [&hellip;]<\/p>\n","protected":false},"author":181,"featured_media":0,"parent":0,"menu_order":0,"comment_status":"closed","ping_status":"closed","template":"","meta":{"_price":"","_stock":"","_tribe_ticket_header":"","_tribe_default_ticket_provider":"","_tribe_ticket_capacity":"0","_ticket_start_date":"","_ticket_end_date":"","_tribe_ticket_show_description":"","_tribe_ticket_show_not_going":false,"_tribe_ticket_use_global_stock":"","_tribe_ticket_global_stock_level":"","_global_stock_mode":"","_global_stock_cap":"","_tribe_rsvp_for_event":"","_tribe_ticket_going_count":"","_tribe_ticket_not_going_count":"","_tribe_tickets_list":"[]","_tribe_ticket_has_attendee_info_fields":false,"footnotes":"","_tec_slr_enabled":"","_tec_slr_layout":""},"class_list":["post-1264","page","type-page","status-publish","hentry"],"ticketed":false,"_links":{"self":[{"href":"https:\/\/redemulheresnano.ufn.edu.br\/index.php?rest_route=\/wp\/v2\/pages\/1264","targetHints":{"allow":["GET"]}}],"collection":[{"href":"https:\/\/redemulheresnano.ufn.edu.br\/index.php?rest_route=\/wp\/v2\/pages"}],"about":[{"href":"https:\/\/redemulheresnano.ufn.edu.br\/index.php?rest_route=\/wp\/v2\/types\/page"}],"author":[{"embeddable":true,"href":"https:\/\/redemulheresnano.ufn.edu.br\/index.php?rest_route=\/wp\/v2\/users\/181"}],"replies":[{"embeddable":true,"href":"https:\/\/redemulheresnano.ufn.edu.br\/index.php?rest_route=%2Fwp%2Fv2%2Fcomments&post=1264"}],"version-history":[{"count":82,"href":"https:\/\/redemulheresnano.ufn.edu.br\/index.php?rest_route=\/wp\/v2\/pages\/1264\/revisions"}],"predecessor-version":[{"id":1519,"href":"https:\/\/redemulheresnano.ufn.edu.br\/index.php?rest_route=\/wp\/v2\/pages\/1264\/revisions\/1519"}],"wp:attachment":[{"href":"https:\/\/redemulheresnano.ufn.edu.br\/index.php?rest_route=%2Fwp%2Fv2%2Fmedia&parent=1264"}],"curies":[{"name":"wp","href":"https:\/\/api.w.org\/{rel}","templated":true}]}}