{"id":25,"date":"2025-05-07T20:04:45","date_gmt":"2025-05-07T20:04:45","guid":{"rendered":"http:\/\/mulheres-na-nano-2505.local\/?page_id=25"},"modified":"2025-05-30T16:25:20","modified_gmt":"2025-05-30T19:25:20","slug":"participacoes","status":"publish","type":"page","link":"https:\/\/redemulheresnano.ufn.edu.br\/?page_id=25","title":{"rendered":"Participantes"},"content":{"rendered":"\n<p class=\"has-medium-font-size\">O projeto <strong>Rede Nacional de Mulheres na Nanoci\u00eancia<\/strong> conta com a participa\u00e7\u00e3o de<strong> 80 pesquisadoras<\/strong>. Nesta p\u00e1gina, est\u00e3o listadas todas as participantes, organizadas por n\u00facleo, com destaque para informa\u00e7\u00f5es como <strong>nome e  link para o curr\u00edculo Lattes<\/strong><\/p>\n\n\n\n<p class=\"has-medium-font-size\"><\/p>\n\n\n\n<div class=\"wp-block-media-text has-media-on-the-right is-stacked-on-mobile\" style=\"grid-template-columns:auto 15%\"><div class=\"wp-block-media-text__content\">\n<h2 class=\"wp-block-heading has-text-align-center\">N\u00facleo IP\u00ca &#8211; ROXO<\/h2>\n<\/div><figure class=\"wp-block-media-text__media\"><img loading=\"lazy\" decoding=\"async\" width=\"995\" height=\"1024\" src=\"https:\/\/redemulheresnano.ufn.edu.br\/wp-content\/uploads\/2025\/05\/Logos_nucleos-01-scaled-1-995x1024.png\" alt=\"\" class=\"wp-image-908 size-full\" srcset=\"https:\/\/redemulheresnano.ufn.edu.br\/wp-content\/uploads\/2025\/05\/Logos_nucleos-01-scaled-1-995x1024.png 995w, https:\/\/redemulheresnano.ufn.edu.br\/wp-content\/uploads\/2025\/05\/Logos_nucleos-01-scaled-1-291x300.png 291w, https:\/\/redemulheresnano.ufn.edu.br\/wp-content\/uploads\/2025\/05\/Logos_nucleos-01-scaled-1-768x791.png 768w, https:\/\/redemulheresnano.ufn.edu.br\/wp-content\/uploads\/2025\/05\/Logos_nucleos-01-scaled-1-1492x1536.png 1492w, https:\/\/redemulheresnano.ufn.edu.br\/wp-content\/uploads\/2025\/05\/Logos_nucleos-01-scaled-1-1990x2048.png 1990w\" sizes=\"auto, (max-width: 995px) 100vw, 995px\" \/><\/figure><\/div>\n\n\n<div id=\"footable_parent_653\"\n         class=\" footable_parent ninja_table_wrapper loading_ninja_table wp_table_data_press_parent semantic_ui \">\n                <table data-ninja_table_instance=\"ninja_table_instance_0\" data-footable_id=\"653\" data-filter-delay=\"1000\" aria-label=\"ip\u00ea-roxo\"            id=\"footable_653\"\n           data-unique_identifier=\"ninja_table_unique_id_1217558438_653\"\n           class=\" foo-table ninja_footable foo_table_653 ninja_table_unique_id_1217558438_653 ui table  ninja_search_right nt_type_ajax_table fixed selectable celled striped compact vertical_centered  footable-paging-center\">\n                <colgroup>\n                            <col class=\"ninja_column_0 \">\n                            <col class=\"ninja_column_1 \">\n                    <\/colgroup>\n            <\/table>\n    \n    \n    \n<\/div>\n\n\n\n\n<h2 class=\"wp-block-heading\"><\/h2>\n\n\n\n<div class=\"wp-block-media-text has-media-on-the-right is-stacked-on-mobile\" style=\"grid-template-columns:auto 15%\"><div class=\"wp-block-media-text__content\">\n<h2 class=\"wp-block-heading\">N\u00facleo ARAUC\u00c1RIA<\/h2>\n<\/div><figure class=\"wp-block-media-text__media\"><img loading=\"lazy\" decoding=\"async\" width=\"995\" height=\"1024\" src=\"https:\/\/redemulheresnano.ufn.edu.br\/wp-content\/uploads\/2025\/05\/Logos_nucleos-06-scaled-1-995x1024.png\" alt=\"\" class=\"wp-image-913 size-full\" srcset=\"https:\/\/redemulheresnano.ufn.edu.br\/wp-content\/uploads\/2025\/05\/Logos_nucleos-06-scaled-1-995x1024.png 995w, https:\/\/redemulheresnano.ufn.edu.br\/wp-content\/uploads\/2025\/05\/Logos_nucleos-06-scaled-1-292x300.png 292w, https:\/\/redemulheresnano.ufn.edu.br\/wp-content\/uploads\/2025\/05\/Logos_nucleos-06-scaled-1-768x790.png 768w, https:\/\/redemulheresnano.ufn.edu.br\/wp-content\/uploads\/2025\/05\/Logos_nucleos-06-scaled-1-1493x1536.png 1493w, https:\/\/redemulheresnano.ufn.edu.br\/wp-content\/uploads\/2025\/05\/Logos_nucleos-06-scaled-1-1990x2048.png 1990w\" sizes=\"auto, (max-width: 995px) 100vw, 995px\" \/><\/figure><\/div>\n\n\n<div id=\"footable_parent_658\"\n         class=\" footable_parent ninja_table_wrapper loading_ninja_table wp_table_data_press_parent semantic_ui \">\n                <table data-ninja_table_instance=\"ninja_table_instance_1\" data-footable_id=\"658\" data-filter-delay=\"1000\" aria-label=\"arauc\u00e1ria\"            id=\"footable_658\"\n           data-unique_identifier=\"ninja_table_unique_id_1237021312_658\"\n           class=\" foo-table ninja_footable foo_table_658 ninja_table_unique_id_1237021312_658 ui table  ninja_search_right nt_type_ajax_table fixed selectable celled striped compact vertical_centered  footable-paging-center\">\n                <colgroup>\n                            <col class=\"ninja_column_0 \">\n                            <col class=\"ninja_column_1 \">\n                    <\/colgroup>\n            <\/table>\n    \n    \n    \n<\/div>\n\n\n\n\n<h2 class=\"wp-block-heading\"><\/h2>\n\n\n\n<div class=\"wp-block-media-text has-media-on-the-right is-stacked-on-mobile\" style=\"grid-template-columns:auto 15%\"><div class=\"wp-block-media-text__content\">\n<h2 class=\"wp-block-heading\">N\u00facleo CAPIM DOURADO<\/h2>\n<\/div><figure class=\"wp-block-media-text__media\"><img loading=\"lazy\" decoding=\"async\" width=\"995\" height=\"1024\" src=\"https:\/\/redemulheresnano.ufn.edu.br\/wp-content\/uploads\/2025\/05\/Logos_nucleos-04-1-scaled-1-995x1024.png\" alt=\"\" class=\"wp-image-831 size-full\" srcset=\"https:\/\/redemulheresnano.ufn.edu.br\/wp-content\/uploads\/2025\/05\/Logos_nucleos-04-1-scaled-1-995x1024.png 995w, https:\/\/redemulheresnano.ufn.edu.br\/wp-content\/uploads\/2025\/05\/Logos_nucleos-04-1-scaled-1-292x300.png 292w, https:\/\/redemulheresnano.ufn.edu.br\/wp-content\/uploads\/2025\/05\/Logos_nucleos-04-1-scaled-1-768x790.png 768w, https:\/\/redemulheresnano.ufn.edu.br\/wp-content\/uploads\/2025\/05\/Logos_nucleos-04-1-scaled-1-1493x1536.png 1493w, https:\/\/redemulheresnano.ufn.edu.br\/wp-content\/uploads\/2025\/05\/Logos_nucleos-04-1-scaled-1-1990x2048.png 1990w\" sizes=\"auto, (max-width: 995px) 100vw, 995px\" \/><\/figure><\/div>\n\n\n<div id=\"footable_parent_661\"\n         class=\" footable_parent ninja_table_wrapper loading_ninja_table wp_table_data_press_parent semantic_ui \">\n                <table data-ninja_table_instance=\"ninja_table_instance_2\" data-footable_id=\"661\" data-filter-delay=\"1000\" aria-label=\"capim dourado\"            id=\"footable_661\"\n           data-unique_identifier=\"ninja_table_unique_id_1243364004_661\"\n           class=\" foo-table ninja_footable foo_table_661 ninja_table_unique_id_1243364004_661 ui table  ninja_search_right nt_type_ajax_table fixed selectable celled striped compact vertical_centered  footable-paging-center\">\n                <colgroup>\n                            <col class=\"ninja_column_0 \">\n                            <col class=\"ninja_column_1 \">\n                    <\/colgroup>\n            <\/table>\n    \n    \n    \n<\/div>\n\n\n\n\n<p><\/p>\n\n\n\n<div class=\"wp-block-media-text has-media-on-the-right is-stacked-on-mobile\" style=\"grid-template-columns:auto 15%\"><div class=\"wp-block-media-text__content\">\n<h2 class=\"wp-block-heading\">N\u00facleo UMBU<\/h2>\n<\/div><figure class=\"wp-block-media-text__media\"><img loading=\"lazy\" decoding=\"async\" width=\"995\" height=\"1024\" src=\"https:\/\/redemulheresnano.ufn.edu.br\/wp-content\/uploads\/2025\/05\/Logos_nucleos-03-scaled-1-995x1024.png\" alt=\"\" class=\"wp-image-910 size-full\" srcset=\"https:\/\/redemulheresnano.ufn.edu.br\/wp-content\/uploads\/2025\/05\/Logos_nucleos-03-scaled-1-995x1024.png 995w, https:\/\/redemulheresnano.ufn.edu.br\/wp-content\/uploads\/2025\/05\/Logos_nucleos-03-scaled-1-291x300.png 291w, https:\/\/redemulheresnano.ufn.edu.br\/wp-content\/uploads\/2025\/05\/Logos_nucleos-03-scaled-1-768x791.png 768w, https:\/\/redemulheresnano.ufn.edu.br\/wp-content\/uploads\/2025\/05\/Logos_nucleos-03-scaled-1-1492x1536.png 1492w, https:\/\/redemulheresnano.ufn.edu.br\/wp-content\/uploads\/2025\/05\/Logos_nucleos-03-scaled-1-1990x2048.png 1990w\" sizes=\"auto, (max-width: 995px) 100vw, 995px\" \/><\/figure><\/div>\n\n\n<div id=\"footable_parent_640\"\n         class=\" footable_parent ninja_table_wrapper loading_ninja_table wp_table_data_press_parent semantic_ui \">\n                <table data-ninja_table_instance=\"ninja_table_instance_3\" data-footable_id=\"640\" data-filter-delay=\"1000\" aria-label=\"Umbu\"            id=\"footable_640\"\n           data-unique_identifier=\"ninja_table_unique_id_839743796_640\"\n           class=\" foo-table ninja_footable foo_table_640 ninja_table_unique_id_839743796_640 ui table  ninja_search_right nt_type_ajax_table fixed selectable celled striped compact vertical_centered  footable-paging-center\">\n                <colgroup>\n                            <col class=\"ninja_column_0 \">\n                            <col class=\"ninja_column_1 \">\n                    <\/colgroup>\n            <\/table>\n    \n    \n    \n<\/div>\n\n\n\n\n<h2 class=\"wp-block-heading\"><\/h2>\n\n\n\n<div class=\"wp-block-media-text has-media-on-the-right is-stacked-on-mobile\" style=\"grid-template-columns:auto 15%\"><div class=\"wp-block-media-text__content\">\n<h2 class=\"wp-block-heading\">N\u00facleo CARNAUB\u00c1<\/h2>\n<\/div><figure class=\"wp-block-media-text__media\"><img loading=\"lazy\" decoding=\"async\" width=\"995\" height=\"1024\" src=\"https:\/\/redemulheresnano.ufn.edu.br\/wp-content\/uploads\/2025\/05\/Logos_nucleos-05-scaled-1-995x1024.png\" alt=\"\" class=\"wp-image-912 size-full\" srcset=\"https:\/\/redemulheresnano.ufn.edu.br\/wp-content\/uploads\/2025\/05\/Logos_nucleos-05-scaled-1-995x1024.png 995w, https:\/\/redemulheresnano.ufn.edu.br\/wp-content\/uploads\/2025\/05\/Logos_nucleos-05-scaled-1-292x300.png 292w, https:\/\/redemulheresnano.ufn.edu.br\/wp-content\/uploads\/2025\/05\/Logos_nucleos-05-scaled-1-768x790.png 768w, https:\/\/redemulheresnano.ufn.edu.br\/wp-content\/uploads\/2025\/05\/Logos_nucleos-05-scaled-1-1493x1536.png 1493w, https:\/\/redemulheresnano.ufn.edu.br\/wp-content\/uploads\/2025\/05\/Logos_nucleos-05-scaled-1-1990x2048.png 1990w\" sizes=\"auto, (max-width: 995px) 100vw, 995px\" \/><\/figure><\/div>\n\n\n<div id=\"footable_parent_664\"\n         class=\" footable_parent ninja_table_wrapper loading_ninja_table wp_table_data_press_parent semantic_ui \">\n                <table data-ninja_table_instance=\"ninja_table_instance_4\" data-footable_id=\"664\" data-filter-delay=\"1000\" aria-label=\"carna\u00faba\"            id=\"footable_664\"\n           data-unique_identifier=\"ninja_table_unique_id_1603200593_664\"\n           class=\" foo-table ninja_footable foo_table_664 ninja_table_unique_id_1603200593_664 ui table  ninja_search_right nt_type_ajax_table fixed selectable celled striped compact vertical_centered  footable-paging-center\">\n                <colgroup>\n                            <col class=\"ninja_column_0 \">\n                            <col class=\"ninja_column_1 \">\n                    <\/colgroup>\n            <\/table>\n    \n    \n    \n<\/div>\n\n\n\n\n<h2 class=\"wp-block-heading\"><\/h2>\n\n\n\n<div class=\"wp-block-media-text has-media-on-the-right is-stacked-on-mobile\" style=\"grid-template-columns:auto 15%\"><div class=\"wp-block-media-text__content\">\n<h2 class=\"wp-block-heading\">N\u00facleo MANAC\u00c1-DA-SERRA<\/h2>\n<\/div><figure class=\"wp-block-media-text__media\"><img loading=\"lazy\" decoding=\"async\" width=\"995\" height=\"1024\" src=\"https:\/\/redemulheresnano.ufn.edu.br\/wp-content\/uploads\/2025\/05\/Logos_nucleos-02-scaled-1-995x1024.png\" alt=\"\" class=\"wp-image-909 size-full\" srcset=\"https:\/\/redemulheresnano.ufn.edu.br\/wp-content\/uploads\/2025\/05\/Logos_nucleos-02-scaled-1-995x1024.png 995w, https:\/\/redemulheresnano.ufn.edu.br\/wp-content\/uploads\/2025\/05\/Logos_nucleos-02-scaled-1-291x300.png 291w, https:\/\/redemulheresnano.ufn.edu.br\/wp-content\/uploads\/2025\/05\/Logos_nucleos-02-scaled-1-768x791.png 768w, https:\/\/redemulheresnano.ufn.edu.br\/wp-content\/uploads\/2025\/05\/Logos_nucleos-02-scaled-1-1492x1536.png 1492w, https:\/\/redemulheresnano.ufn.edu.br\/wp-content\/uploads\/2025\/05\/Logos_nucleos-02-scaled-1-1990x2048.png 1990w\" sizes=\"auto, (max-width: 995px) 100vw, 995px\" \/><\/figure><\/div>\n\n\n<div id=\"footable_parent_1050\"\n         class=\" footable_parent ninja_table_wrapper loading_ninja_table wp_table_data_press_parent semantic_ui \">\n                <table data-ninja_table_instance=\"ninja_table_instance_5\" data-footable_id=\"1050\" data-filter-delay=\"1000\" aria-label=\"manac\u00e1-da-serra.csv\"            id=\"footable_1050\"\n           data-unique_identifier=\"ninja_table_unique_id_1437285868_1050\"\n           class=\" foo-table ninja_footable foo_table_1050 ninja_table_unique_id_1437285868_1050 ui table  ninja_search_right nt_type_ajax_table fixed selectable celled striped compact vertical_centered  footable-paging-right\">\n                <colgroup>\n                            <col class=\"ninja_column_0 \">\n                            <col class=\"ninja_column_1 \">\n                    <\/colgroup>\n            <\/table>\n    \n    \n    \n<\/div>\n\n","protected":false},"excerpt":{"rendered":"<p>O projeto Rede Nacional de Mulheres na Nanoci\u00eancia conta com a participa\u00e7\u00e3o de [&hellip;]<\/p>\n","protected":false},"author":181,"featured_media":0,"parent":0,"menu_order":0,"comment_status":"closed","ping_status":"closed","template":"","meta":{"_price":"","_stock":"","_tribe_ticket_header":"","_tribe_default_ticket_provider":"","_tribe_ticket_capacity":"0","_ticket_start_date":"","_ticket_end_date":"","_tribe_ticket_show_description":"","_tribe_ticket_show_not_going":false,"_tribe_ticket_use_global_stock":"","_tribe_ticket_global_stock_level":"","_global_stock_mode":"","_global_stock_cap":"","_tribe_rsvp_for_event":"","_tribe_ticket_going_count":"","_tribe_ticket_not_going_count":"","_tribe_tickets_list":"[]","_tribe_ticket_has_attendee_info_fields":false,"footnotes":"","_tec_slr_enabled":"","_tec_slr_layout":""},"class_list":["post-25","page","type-page","status-publish","hentry"],"ticketed":false,"_links":{"self":[{"href":"https:\/\/redemulheresnano.ufn.edu.br\/index.php?rest_route=\/wp\/v2\/pages\/25","targetHints":{"allow":["GET"]}}],"collection":[{"href":"https:\/\/redemulheresnano.ufn.edu.br\/index.php?rest_route=\/wp\/v2\/pages"}],"about":[{"href":"https:\/\/redemulheresnano.ufn.edu.br\/index.php?rest_route=\/wp\/v2\/types\/page"}],"author":[{"embeddable":true,"href":"https:\/\/redemulheresnano.ufn.edu.br\/index.php?rest_route=\/wp\/v2\/users\/181"}],"replies":[{"embeddable":true,"href":"https:\/\/redemulheresnano.ufn.edu.br\/index.php?rest_route=%2Fwp%2Fv2%2Fcomments&post=25"}],"version-history":[{"count":2,"href":"https:\/\/redemulheresnano.ufn.edu.br\/index.php?rest_route=\/wp\/v2\/pages\/25\/revisions"}],"predecessor-version":[{"id":1051,"href":"https:\/\/redemulheresnano.ufn.edu.br\/index.php?rest_route=\/wp\/v2\/pages\/25\/revisions\/1051"}],"wp:attachment":[{"href":"https:\/\/redemulheresnano.ufn.edu.br\/index.php?rest_route=%2Fwp%2Fv2%2Fmedia&parent=25"}],"curies":[{"name":"wp","href":"https:\/\/api.w.org\/{rel}","templated":true}]}}