{"id":544,"date":"2025-05-15T15:04:54","date_gmt":"2025-05-15T15:04:54","guid":{"rendered":"http:\/\/mulheres-na-nano-2505.local\/?page_id=544"},"modified":"2025-07-17T22:17:51","modified_gmt":"2025-07-18T01:17:51","slug":"nucleo-araucaria","status":"publish","type":"page","link":"https:\/\/redemulheresnano.ufn.edu.br\/?page_id=544","title":{"rendered":"N\u00facleo Arauc\u00e1ria"},"content":{"rendered":"<p>No dia 10 de julho de 2025, as bolsistas EM foram recebidas na UTFPR. Preparando as meninas pra sintetizar nanopart\u00edculas.<br \/>\n<div id=\"envira-gallery-wrap-1428\" class=\"envira-gallery-wrap envira-gallery-theme-base envira-lightbox-theme-base\" itemscope itemtype=\"https:\/\/schema.org\/ImageGallery\"><div data-row-height=\"\" data-gallery-theme=\"\" id=\"envira-gallery-1428\" class=\"envira-gallery-public  envira-gallery-3-columns envira-clear enviratope envira-gallery-css-animations\" data-envira-columns=\"3\"><div id=\"envira-gallery-item-1429\" class=\"envira-gallery-item enviratope-item envira-gallery-item-1 envira-lazy-load\" style=\"padding-left: 5px; padding-bottom: 10px; padding-right: 5px;\"  itemscope itemtype=\"https:\/\/schema.org\/ImageObject\"><div class=\"envira-gallery-item-inner\"><div class=\"envira-gallery-position-overlay  envira-gallery-top-left\"><\/div><div class=\"envira-gallery-position-overlay  envira-gallery-top-right\"><\/div><div class=\"envira-gallery-position-overlay  envira-gallery-bottom-left\"><\/div><div class=\"envira-gallery-position-overlay  envira-gallery-bottom-right\"><\/div><a href=\"https:\/\/redemulheresnano.ufn.edu.br\/wp-content\/uploads\/2025\/07\/01.jpg\" class=\"envira-gallery-1428 envira-gallery-link\" rel=\"enviragallery1428\" title=\"01\" data-envira-caption=\"01\" data-envira-retina=\"\" data-thumbnail=\"\"  itemprop=\"contentUrl\"><div class=\"envira-lazy\" data-test-width=\"640\" data-test-height=\"480\" style=\"padding-bottom:75%;\"><img decoding=\"async\" id=\"envira-gallery-image-1429\" class=\"envira-gallery-image envira-gallery-image-1\" data-envira-index=\"1\" src=\"https:\/\/redemulheresnano.ufn.edu.br\/wp-content\/uploads\/2025\/07\/01-1024x576-640x480.jpg\" data-envira-src=\"https:\/\/redemulheresnano.ufn.edu.br\/wp-content\/uploads\/2025\/07\/01-1024x576-640x480.jpg\" data-envira-gallery-id=\"1428\" data-envira-item-id=\"1429\" data-envira-caption=\"01\" alt=\"\" title=\"01\"  itemprop=\"thumbnailUrl\" data-envira-srcset=\"https:\/\/redemulheresnano.ufn.edu.br\/wp-content\/uploads\/2025\/07\/01-1024x576-640x480.jpg 400w,https:\/\/redemulheresnano.ufn.edu.br\/wp-content\/uploads\/2025\/07\/01-1024x576-640x480.jpg 2x\" srcset=\"data:image\/gif;base64,R0lGODlhAQABAIAAAP\/\/\/\/\/\/\/yH5BAEKAAEALAAAAAABAAEAAAICTAEAOw==\" \/><\/div><\/a><\/div><\/div><div id=\"envira-gallery-item-1430\" class=\"envira-gallery-item enviratope-item envira-gallery-item-2 envira-lazy-load\" style=\"padding-left: 5px; padding-bottom: 10px; padding-right: 5px;\"  itemscope itemtype=\"https:\/\/schema.org\/ImageObject\"><div class=\"envira-gallery-item-inner\"><div class=\"envira-gallery-position-overlay  envira-gallery-top-left\"><\/div><div class=\"envira-gallery-position-overlay  envira-gallery-top-right\"><\/div><div class=\"envira-gallery-position-overlay  envira-gallery-bottom-left\"><\/div><div class=\"envira-gallery-position-overlay  envira-gallery-bottom-right\"><\/div><a href=\"https:\/\/redemulheresnano.ufn.edu.br\/wp-content\/uploads\/2025\/07\/02.jpg\" class=\"envira-gallery-1428 envira-gallery-link\" rel=\"enviragallery1428\" title=\"02\" data-envira-caption=\"02\" data-envira-retina=\"\" data-thumbnail=\"\"  itemprop=\"contentUrl\"><div class=\"envira-lazy\" data-test-width=\"640\" data-test-height=\"480\" style=\"padding-bottom:75%;\"><img decoding=\"async\" id=\"envira-gallery-image-1430\" class=\"envira-gallery-image envira-gallery-image-2\" data-envira-index=\"2\" src=\"https:\/\/redemulheresnano.ufn.edu.br\/wp-content\/uploads\/2025\/07\/02-1024x576-640x480.jpg\" data-envira-src=\"https:\/\/redemulheresnano.ufn.edu.br\/wp-content\/uploads\/2025\/07\/02-1024x576-640x480.jpg\" data-envira-gallery-id=\"1428\" data-envira-item-id=\"1430\" data-envira-caption=\"02\" alt=\"\" title=\"02\"  itemprop=\"thumbnailUrl\" data-envira-srcset=\"https:\/\/redemulheresnano.ufn.edu.br\/wp-content\/uploads\/2025\/07\/02-1024x576-640x480.jpg 400w,https:\/\/redemulheresnano.ufn.edu.br\/wp-content\/uploads\/2025\/07\/02-1024x576-640x480.jpg 2x\" srcset=\"data:image\/gif;base64,R0lGODlhAQABAIAAAP\/\/\/\/\/\/\/yH5BAEKAAEALAAAAAABAAEAAAICTAEAOw==\" \/><\/div><\/a><\/div><\/div><div id=\"envira-gallery-item-1431\" class=\"envira-gallery-item enviratope-item envira-gallery-item-3 envira-lazy-load\" style=\"padding-left: 5px; padding-bottom: 10px; padding-right: 5px;\"  itemscope itemtype=\"https:\/\/schema.org\/ImageObject\"><div class=\"envira-gallery-item-inner\"><div class=\"envira-gallery-position-overlay  envira-gallery-top-left\"><\/div><div class=\"envira-gallery-position-overlay  envira-gallery-top-right\"><\/div><div class=\"envira-gallery-position-overlay  envira-gallery-bottom-left\"><\/div><div class=\"envira-gallery-position-overlay  envira-gallery-bottom-right\"><\/div><a href=\"https:\/\/redemulheresnano.ufn.edu.br\/wp-content\/uploads\/2025\/07\/03.jpg\" class=\"envira-gallery-1428 envira-gallery-link\" rel=\"enviragallery1428\" title=\"03\" data-envira-caption=\"03\" data-envira-retina=\"\" data-thumbnail=\"\"  itemprop=\"contentUrl\"><div class=\"envira-lazy\" data-test-width=\"640\" data-test-height=\"480\" style=\"padding-bottom:75%;\"><img decoding=\"async\" id=\"envira-gallery-image-1431\" class=\"envira-gallery-image envira-gallery-image-3\" data-envira-index=\"3\" src=\"https:\/\/redemulheresnano.ufn.edu.br\/wp-content\/uploads\/2025\/07\/03-1024x576-640x480.jpg\" data-envira-src=\"https:\/\/redemulheresnano.ufn.edu.br\/wp-content\/uploads\/2025\/07\/03-1024x576-640x480.jpg\" data-envira-gallery-id=\"1428\" data-envira-item-id=\"1431\" data-envira-caption=\"03\" alt=\"\" title=\"03\"  itemprop=\"thumbnailUrl\" data-envira-srcset=\"https:\/\/redemulheresnano.ufn.edu.br\/wp-content\/uploads\/2025\/07\/03-1024x576-640x480.jpg 400w,https:\/\/redemulheresnano.ufn.edu.br\/wp-content\/uploads\/2025\/07\/03-1024x576-640x480.jpg 2x\" srcset=\"data:image\/gif;base64,R0lGODlhAQABAIAAAP\/\/\/\/\/\/\/yH5BAEKAAEALAAAAAABAAEAAAICTAEAOw==\" \/><\/div><\/a><\/div><\/div><\/div><\/div><noscript><img decoding=\"async\" src=\"https:\/\/redemulheresnano.ufn.edu.br\/wp-content\/uploads\/2025\/07\/01.jpg\" alt=\"\" \/><img decoding=\"async\" src=\"https:\/\/redemulheresnano.ufn.edu.br\/wp-content\/uploads\/2025\/07\/02.jpg\" alt=\"\" \/><img decoding=\"async\" src=\"https:\/\/redemulheresnano.ufn.edu.br\/wp-content\/uploads\/2025\/07\/03.jpg\" alt=\"\" \/><\/noscript><\/p>\n\n\n<p>No dia 11 de fevereiro de 2025, ocorreu a 3\u00ba edi\u00e7\u00e3o do evento Meninas nas Exatas: Por Elas para Todos! no Centro Polit\u00e9cnico da Universidade Federal do Paran\u00e1 &#8211; UFPR.<br \/>\n<div id=\"envira-gallery-wrap-1245\" class=\"envira-gallery-wrap envira-gallery-theme-base envira-lightbox-theme-base\" itemscope itemtype=\"https:\/\/schema.org\/ImageGallery\"><div data-row-height=\"\" data-gallery-theme=\"\" id=\"envira-gallery-1245\" class=\"envira-gallery-public  envira-gallery-3-columns envira-clear enviratope envira-gallery-css-animations\" data-envira-columns=\"3\"><div id=\"envira-gallery-item-1248\" class=\"envira-gallery-item enviratope-item envira-gallery-item-1 envira-lazy-load\" style=\"padding-left: 5px; padding-bottom: 10px; padding-right: 5px;\"  itemscope itemtype=\"https:\/\/schema.org\/ImageObject\"><div class=\"envira-gallery-item-inner\"><div class=\"envira-gallery-position-overlay  envira-gallery-top-left\"><\/div><div class=\"envira-gallery-position-overlay  envira-gallery-top-right\"><\/div><div class=\"envira-gallery-position-overlay  envira-gallery-bottom-left\"><\/div><div class=\"envira-gallery-position-overlay  envira-gallery-bottom-right\"><\/div><a href=\"https:\/\/redemulheresnano.ufn.edu.br\/wp-content\/uploads\/2025\/06\/02-3.jpg\" class=\"envira-gallery-1245 envira-gallery-link\" rel=\"enviragallery1245\" title=\"02\" data-envira-caption=\"02\" data-envira-retina=\"\" data-thumbnail=\"\"  itemprop=\"contentUrl\"><div class=\"envira-lazy\" data-test-width=\"640\" data-test-height=\"480\" style=\"padding-bottom:75%;\"><img decoding=\"async\" id=\"envira-gallery-image-1248\" class=\"envira-gallery-image envira-gallery-image-1\" data-envira-index=\"1\" src=\"https:\/\/redemulheresnano.ufn.edu.br\/wp-content\/uploads\/2025\/06\/02-3-640x480.jpg\" data-envira-src=\"https:\/\/redemulheresnano.ufn.edu.br\/wp-content\/uploads\/2025\/06\/02-3-640x480.jpg\" data-envira-gallery-id=\"1245\" data-envira-item-id=\"1248\" data-envira-caption=\"02\" alt=\"\" title=\"02\"  itemprop=\"thumbnailUrl\" data-envira-srcset=\"https:\/\/redemulheresnano.ufn.edu.br\/wp-content\/uploads\/2025\/06\/02-3-640x480.jpg 400w,https:\/\/redemulheresnano.ufn.edu.br\/wp-content\/uploads\/2025\/06\/02-3-640x480.jpg 2x\" srcset=\"data:image\/gif;base64,R0lGODlhAQABAIAAAP\/\/\/\/\/\/\/yH5BAEKAAEALAAAAAABAAEAAAICTAEAOw==\" \/><\/div><\/a><\/div><\/div><div id=\"envira-gallery-item-1251\" class=\"envira-gallery-item enviratope-item envira-gallery-item-2 envira-lazy-load\" style=\"padding-left: 5px; padding-bottom: 10px; padding-right: 5px;\"  itemscope itemtype=\"https:\/\/schema.org\/ImageObject\"><div class=\"envira-gallery-item-inner\"><div class=\"envira-gallery-position-overlay  envira-gallery-top-left\"><\/div><div class=\"envira-gallery-position-overlay  envira-gallery-top-right\"><\/div><div class=\"envira-gallery-position-overlay  envira-gallery-bottom-left\"><\/div><div class=\"envira-gallery-position-overlay  envira-gallery-bottom-right\"><\/div><a href=\"https:\/\/redemulheresnano.ufn.edu.br\/wp-content\/uploads\/2025\/06\/001-1.jpg\" class=\"envira-gallery-1245 envira-gallery-link\" rel=\"enviragallery1245\" title=\"001\" data-envira-caption=\"001\" data-envira-retina=\"\" data-thumbnail=\"\"  itemprop=\"contentUrl\"><div class=\"envira-lazy\" data-test-width=\"640\" data-test-height=\"480\" style=\"padding-bottom:75%;\"><img decoding=\"async\" id=\"envira-gallery-image-1251\" class=\"envira-gallery-image envira-gallery-image-2\" data-envira-index=\"2\" src=\"https:\/\/redemulheresnano.ufn.edu.br\/wp-content\/uploads\/2025\/06\/001-1-640x480.jpg\" data-envira-src=\"https:\/\/redemulheresnano.ufn.edu.br\/wp-content\/uploads\/2025\/06\/001-1-640x480.jpg\" data-envira-gallery-id=\"1245\" data-envira-item-id=\"1251\" data-envira-caption=\"001\" alt=\"\" title=\"001\"  itemprop=\"thumbnailUrl\" data-envira-srcset=\"https:\/\/redemulheresnano.ufn.edu.br\/wp-content\/uploads\/2025\/06\/001-1-640x480.jpg 400w,https:\/\/redemulheresnano.ufn.edu.br\/wp-content\/uploads\/2025\/06\/001-1-640x480.jpg 2x\" srcset=\"data:image\/gif;base64,R0lGODlhAQABAIAAAP\/\/\/\/\/\/\/yH5BAEKAAEALAAAAAABAAEAAAICTAEAOw==\" \/><\/div><\/a><\/div><\/div><div id=\"envira-gallery-item-1254\" class=\"envira-gallery-item enviratope-item envira-gallery-item-3 envira-lazy-load\" style=\"padding-left: 5px; padding-bottom: 10px; padding-right: 5px;\"  itemscope itemtype=\"https:\/\/schema.org\/ImageObject\"><div class=\"envira-gallery-item-inner\"><div class=\"envira-gallery-position-overlay  envira-gallery-top-left\"><\/div><div class=\"envira-gallery-position-overlay  envira-gallery-top-right\"><\/div><div class=\"envira-gallery-position-overlay  envira-gallery-bottom-left\"><\/div><div class=\"envira-gallery-position-overlay  envira-gallery-bottom-right\"><\/div><a href=\"https:\/\/redemulheresnano.ufn.edu.br\/wp-content\/uploads\/2025\/06\/003-1.jpg\" class=\"envira-gallery-1245 envira-gallery-link\" rel=\"enviragallery1245\" title=\"003\" data-envira-caption=\"003\" data-envira-retina=\"\" data-thumbnail=\"\"  itemprop=\"contentUrl\"><div class=\"envira-lazy\" data-test-width=\"640\" data-test-height=\"480\" style=\"padding-bottom:75%;\"><img decoding=\"async\" id=\"envira-gallery-image-1254\" class=\"envira-gallery-image envira-gallery-image-3\" data-envira-index=\"3\" src=\"https:\/\/redemulheresnano.ufn.edu.br\/wp-content\/uploads\/2025\/06\/003-1-640x480.jpg\" data-envira-src=\"https:\/\/redemulheresnano.ufn.edu.br\/wp-content\/uploads\/2025\/06\/003-1-640x480.jpg\" data-envira-gallery-id=\"1245\" data-envira-item-id=\"1254\" data-envira-caption=\"003\" alt=\"\" title=\"003\"  itemprop=\"thumbnailUrl\" data-envira-srcset=\"https:\/\/redemulheresnano.ufn.edu.br\/wp-content\/uploads\/2025\/06\/003-1-640x480.jpg 400w,https:\/\/redemulheresnano.ufn.edu.br\/wp-content\/uploads\/2025\/06\/003-1-640x480.jpg 2x\" srcset=\"data:image\/gif;base64,R0lGODlhAQABAIAAAP\/\/\/\/\/\/\/yH5BAEKAAEALAAAAAABAAEAAAICTAEAOw==\" \/><\/div><\/a><\/div><\/div><\/div><\/div><noscript><img decoding=\"async\" src=\"https:\/\/redemulheresnano.ufn.edu.br\/wp-content\/uploads\/2025\/06\/02-3.jpg\" alt=\"\" \/><img decoding=\"async\" src=\"https:\/\/redemulheresnano.ufn.edu.br\/wp-content\/uploads\/2025\/06\/001-1.jpg\" alt=\"\" \/><img decoding=\"async\" src=\"https:\/\/redemulheresnano.ufn.edu.br\/wp-content\/uploads\/2025\/06\/003-1.jpg\" alt=\"\" \/><\/noscript><\/p>\n\n\n<p>WORKSHOP- Synthesis of Metallic Nanoparticles: Nanosilver<br \/>\n<div id=\"envira-gallery-wrap-1255\" class=\"envira-gallery-wrap envira-gallery-theme-base envira-lightbox-theme-base\" itemscope itemtype=\"https:\/\/schema.org\/ImageGallery\"><div data-row-height=\"\" data-gallery-theme=\"\" id=\"envira-gallery-1255\" class=\"envira-gallery-public  envira-gallery-3-columns envira-clear enviratope envira-gallery-css-animations\" data-envira-columns=\"3\"><div id=\"envira-gallery-item-1263\" class=\"envira-gallery-item enviratope-item envira-gallery-item-1 envira-lazy-load\" style=\"padding-left: 5px; padding-bottom: 10px; padding-right: 5px;\"  itemscope itemtype=\"https:\/\/schema.org\/ImageObject\"><div class=\"envira-gallery-item-inner\"><div class=\"envira-gallery-position-overlay  envira-gallery-top-left\"><\/div><div class=\"envira-gallery-position-overlay  envira-gallery-top-right\"><\/div><div class=\"envira-gallery-position-overlay  envira-gallery-bottom-left\"><\/div><div class=\"envira-gallery-position-overlay  envira-gallery-bottom-right\"><\/div><a href=\"https:\/\/redemulheresnano.ufn.edu.br\/wp-content\/uploads\/2025\/06\/04-4.jpg\" class=\"envira-gallery-1255 envira-gallery-link\" rel=\"enviragallery1255\" title=\"04\" data-envira-caption=\"04\" data-envira-retina=\"\" data-thumbnail=\"\"  itemprop=\"contentUrl\"><div class=\"envira-lazy\" data-test-width=\"640\" data-test-height=\"480\" style=\"padding-bottom:75%;\"><img decoding=\"async\" id=\"envira-gallery-image-1263\" class=\"envira-gallery-image envira-gallery-image-1\" data-envira-index=\"1\" src=\"https:\/\/redemulheresnano.ufn.edu.br\/wp-content\/uploads\/2025\/06\/04-4-640x480.jpg\" data-envira-src=\"https:\/\/redemulheresnano.ufn.edu.br\/wp-content\/uploads\/2025\/06\/04-4-640x480.jpg\" data-envira-gallery-id=\"1255\" data-envira-item-id=\"1263\" data-envira-caption=\"04\" alt=\"\" title=\"04\"  itemprop=\"thumbnailUrl\" data-envira-srcset=\"https:\/\/redemulheresnano.ufn.edu.br\/wp-content\/uploads\/2025\/06\/04-4-640x480.jpg 400w,https:\/\/redemulheresnano.ufn.edu.br\/wp-content\/uploads\/2025\/06\/04-4-640x480.jpg 2x\" srcset=\"data:image\/gif;base64,R0lGODlhAQABAIAAAP\/\/\/\/\/\/\/yH5BAEKAAEALAAAAAABAAEAAAICTAEAOw==\" \/><\/div><\/a><\/div><\/div><div id=\"envira-gallery-item-1262\" class=\"envira-gallery-item enviratope-item envira-gallery-item-2 envira-lazy-load\" style=\"padding-left: 5px; padding-bottom: 10px; padding-right: 5px;\"  itemscope itemtype=\"https:\/\/schema.org\/ImageObject\"><div class=\"envira-gallery-item-inner\"><div class=\"envira-gallery-position-overlay  envira-gallery-top-left\"><\/div><div class=\"envira-gallery-position-overlay  envira-gallery-top-right\"><\/div><div class=\"envira-gallery-position-overlay  envira-gallery-bottom-left\"><\/div><div class=\"envira-gallery-position-overlay  envira-gallery-bottom-right\"><\/div><a href=\"https:\/\/redemulheresnano.ufn.edu.br\/wp-content\/uploads\/2025\/06\/06-1.jpg\" class=\"envira-gallery-1255 envira-gallery-link\" rel=\"enviragallery1255\" title=\"06\" data-envira-caption=\"06\" data-envira-retina=\"\" data-thumbnail=\"\"  itemprop=\"contentUrl\"><div class=\"envira-lazy\" data-test-width=\"640\" data-test-height=\"480\" style=\"padding-bottom:75%;\"><img decoding=\"async\" id=\"envira-gallery-image-1262\" class=\"envira-gallery-image envira-gallery-image-2\" data-envira-index=\"2\" src=\"https:\/\/redemulheresnano.ufn.edu.br\/wp-content\/uploads\/2025\/06\/06-1-640x480.jpg\" data-envira-src=\"https:\/\/redemulheresnano.ufn.edu.br\/wp-content\/uploads\/2025\/06\/06-1-640x480.jpg\" data-envira-gallery-id=\"1255\" data-envira-item-id=\"1262\" data-envira-caption=\"06\" alt=\"\" title=\"06\"  itemprop=\"thumbnailUrl\" data-envira-srcset=\"https:\/\/redemulheresnano.ufn.edu.br\/wp-content\/uploads\/2025\/06\/06-1-640x480.jpg 400w,https:\/\/redemulheresnano.ufn.edu.br\/wp-content\/uploads\/2025\/06\/06-1-640x480.jpg 2x\" srcset=\"data:image\/gif;base64,R0lGODlhAQABAIAAAP\/\/\/\/\/\/\/yH5BAEKAAEALAAAAAABAAEAAAICTAEAOw==\" \/><\/div><\/a><\/div><\/div><div id=\"envira-gallery-item-1261\" class=\"envira-gallery-item enviratope-item envira-gallery-item-3 envira-lazy-load\" style=\"padding-left: 5px; padding-bottom: 10px; padding-right: 5px;\"  itemscope itemtype=\"https:\/\/schema.org\/ImageObject\"><div class=\"envira-gallery-item-inner\"><div class=\"envira-gallery-position-overlay  envira-gallery-top-left\"><\/div><div class=\"envira-gallery-position-overlay  envira-gallery-top-right\"><\/div><div class=\"envira-gallery-position-overlay  envira-gallery-bottom-left\"><\/div><div class=\"envira-gallery-position-overlay  envira-gallery-bottom-right\"><\/div><a href=\"https:\/\/redemulheresnano.ufn.edu.br\/wp-content\/uploads\/2025\/06\/05-2.jpg\" class=\"envira-gallery-1255 envira-gallery-link\" rel=\"enviragallery1255\" title=\"05\" data-envira-caption=\"05\" data-envira-retina=\"\" data-thumbnail=\"\"  itemprop=\"contentUrl\"><div class=\"envira-lazy\" data-test-width=\"640\" data-test-height=\"480\" style=\"padding-bottom:75%;\"><img decoding=\"async\" id=\"envira-gallery-image-1261\" class=\"envira-gallery-image envira-gallery-image-3\" data-envira-index=\"3\" src=\"https:\/\/redemulheresnano.ufn.edu.br\/wp-content\/uploads\/2025\/06\/05-2-640x480.jpg\" data-envira-src=\"https:\/\/redemulheresnano.ufn.edu.br\/wp-content\/uploads\/2025\/06\/05-2-640x480.jpg\" data-envira-gallery-id=\"1255\" data-envira-item-id=\"1261\" data-envira-caption=\"05\" alt=\"\" title=\"05\"  itemprop=\"thumbnailUrl\" data-envira-srcset=\"https:\/\/redemulheresnano.ufn.edu.br\/wp-content\/uploads\/2025\/06\/05-2-640x480.jpg 400w,https:\/\/redemulheresnano.ufn.edu.br\/wp-content\/uploads\/2025\/06\/05-2-640x480.jpg 2x\" srcset=\"data:image\/gif;base64,R0lGODlhAQABAIAAAP\/\/\/\/\/\/\/yH5BAEKAAEALAAAAAABAAEAAAICTAEAOw==\" \/><\/div><\/a><\/div><\/div><\/div><\/div><noscript><img decoding=\"async\" src=\"https:\/\/redemulheresnano.ufn.edu.br\/wp-content\/uploads\/2025\/06\/04-4.jpg\" alt=\"\" \/><img decoding=\"async\" src=\"https:\/\/redemulheresnano.ufn.edu.br\/wp-content\/uploads\/2025\/06\/06-1.jpg\" alt=\"\" \/><img decoding=\"async\" src=\"https:\/\/redemulheresnano.ufn.edu.br\/wp-content\/uploads\/2025\/06\/05-2.jpg\" alt=\"\" \/><\/noscript><\/p>\n","protected":false},"excerpt":{"rendered":"<p> [&hellip;]<\/p>\n","protected":false},"author":181,"featured_media":0,"parent":0,"menu_order":0,"comment_status":"closed","ping_status":"closed","template":"","meta":{"_price":"","_stock":"","_tribe_ticket_header":"","_tribe_default_ticket_provider":"","_tribe_ticket_capacity":"0","_ticket_start_date":"","_ticket_end_date":"","_tribe_ticket_show_description":"","_tribe_ticket_show_not_going":false,"_tribe_ticket_use_global_stock":"","_tribe_ticket_global_stock_level":"","_global_stock_mode":"","_global_stock_cap":"","_tribe_rsvp_for_event":"","_tribe_ticket_going_count":"","_tribe_ticket_not_going_count":"","_tribe_tickets_list":"[]","_tribe_ticket_has_attendee_info_fields":false,"footnotes":"","_tec_slr_enabled":"","_tec_slr_layout":""},"class_list":["post-544","page","type-page","status-publish","hentry"],"ticketed":false,"_links":{"self":[{"href":"https:\/\/redemulheresnano.ufn.edu.br\/index.php?rest_route=\/wp\/v2\/pages\/544","targetHints":{"allow":["GET"]}}],"collection":[{"href":"https:\/\/redemulheresnano.ufn.edu.br\/index.php?rest_route=\/wp\/v2\/pages"}],"about":[{"href":"https:\/\/redemulheresnano.ufn.edu.br\/index.php?rest_route=\/wp\/v2\/types\/page"}],"author":[{"embeddable":true,"href":"https:\/\/redemulheresnano.ufn.edu.br\/index.php?rest_route=\/wp\/v2\/users\/181"}],"replies":[{"embeddable":true,"href":"https:\/\/redemulheresnano.ufn.edu.br\/index.php?rest_route=%2Fwp%2Fv2%2Fcomments&post=544"}],"version-history":[{"count":4,"href":"https:\/\/redemulheresnano.ufn.edu.br\/index.php?rest_route=\/wp\/v2\/pages\/544\/revisions"}],"predecessor-version":[{"id":1433,"href":"https:\/\/redemulheresnano.ufn.edu.br\/index.php?rest_route=\/wp\/v2\/pages\/544\/revisions\/1433"}],"wp:attachment":[{"href":"https:\/\/redemulheresnano.ufn.edu.br\/index.php?rest_route=%2Fwp%2Fv2%2Fmedia&parent=544"}],"curies":[{"name":"wp","href":"https:\/\/api.w.org\/{rel}","templated":true}]}}