{"id":81,"date":"2025-05-08T15:02:43","date_gmt":"2025-05-08T15:02:43","guid":{"rendered":"http:\/\/mulheres-na-nano-2505.local\/?page_id=81"},"modified":"2025-05-30T23:11:03","modified_gmt":"2025-05-31T02:11:03","slug":"escolas","status":"publish","type":"page","link":"https:\/\/redemulheresnano.ufn.edu.br\/?page_id=81","title":{"rendered":"Escolas"},"content":{"rendered":"\n<p class=\"has-medium-font-size\">A <strong>Rede Nacional de Mulheres na Nanoci\u00eancia<\/strong> conta com a participa\u00e7\u00e3o de 20 institui\u00e7\u00f5es de ensino da educa\u00e7\u00e3o b\u00e1sica. A seguir, essas escolas est\u00e3o organizadas conforme as cinco regi\u00f5es do Brasil, acompanhadas de informa\u00e7\u00f5es relevantes, como o nome da institui\u00e7\u00e3o, n\u00edvel de ensino, modalidade, localidade e n\u00famero m\u00e9dio de estudantes atendidos.<\/p>\n\n\n\n<h2 class=\"wp-block-heading has-text-align-center\">REGI\u00c3O SUL<\/h2>\n\n\n\n<h2 class=\"wp-block-heading has-text-align-center\"><\/h2>\n\n\n<div id=\"footable_parent_1088\"\n         class=\" footable_parent ninja_table_wrapper loading_ninja_table wp_table_data_press_parent semantic_ui \">\n                <table data-ninja_table_instance=\"ninja_table_instance_0\" data-footable_id=\"1088\" data-filter-delay=\"1000\" aria-label=\"escolasSul\"            id=\"footable_1088\"\n           data-unique_identifier=\"ninja_table_unique_id_633338705_1088\"\n           class=\" foo-table ninja_footable foo_table_1088 ninja_table_unique_id_633338705_1088 ui table  nt_type_ajax_table selectable celled striped compact vertical_centered  footable-paging-right\">\n                <colgroup>\n                            <col class=\"ninja_column_0 \">\n                            <col class=\"ninja_column_1 \">\n                            <col class=\"ninja_column_2 \">\n                            <col class=\"ninja_column_3 \">\n                            <col class=\"ninja_column_4 \">\n                    <\/colgroup>\n            <\/table>\n    \n    \n    \n<\/div>\n\n\n\n\n<p><\/p>\n\n\n\n<h2 class=\"wp-block-heading has-text-align-center\">REGI\u00c3O NORDESTE<\/h2>\n\n\n\n<h2 class=\"wp-block-heading has-text-align-center\"><\/h2>\n\n\n<div id=\"footable_parent_1090\"\n         class=\" footable_parent ninja_table_wrapper loading_ninja_table wp_table_data_press_parent semantic_ui \">\n                <table data-ninja_table_instance=\"ninja_table_instance_1\" data-footable_id=\"1090\" data-filter-delay=\"1000\" aria-label=\"escolasNordeste\"            id=\"footable_1090\"\n           data-unique_identifier=\"ninja_table_unique_id_304365225_1090\"\n           class=\" foo-table ninja_footable foo_table_1090 ninja_table_unique_id_304365225_1090 ui table  nt_type_ajax_table selectable celled striped compact vertical_centered  footable-paging-right\">\n                <colgroup>\n                            <col class=\"ninja_column_0 \">\n                            <col class=\"ninja_column_1 \">\n                            <col class=\"ninja_column_2 \">\n                            <col class=\"ninja_column_3 \">\n                            <col class=\"ninja_column_4 \">\n                    <\/colgroup>\n            <\/table>\n    \n    \n    \n<\/div>\n\n\n\n\n<p><\/p>\n\n\n\n<h2 class=\"wp-block-heading has-text-align-center\">REGI\u00c3O SUDESTE<\/h2>\n\n\n<div id=\"footable_parent_1093\"\n         class=\" footable_parent ninja_table_wrapper loading_ninja_table wp_table_data_press_parent semantic_ui \">\n                <table data-ninja_table_instance=\"ninja_table_instance_2\" data-footable_id=\"1093\" data-filter-delay=\"1000\" aria-label=\"escolasSudeste\"            id=\"footable_1093\"\n           data-unique_identifier=\"ninja_table_unique_id_88774557_1093\"\n           class=\" foo-table ninja_footable foo_table_1093 ninja_table_unique_id_88774557_1093 ui table  nt_type_ajax_table selectable celled striped compact vertical_centered  footable-paging-right\">\n                <colgroup>\n                            <col class=\"ninja_column_0 \">\n                            <col class=\"ninja_column_1 \">\n                            <col class=\"ninja_column_2 \">\n                            <col class=\"ninja_column_3 \">\n                            <col class=\"ninja_column_4 \">\n                    <\/colgroup>\n            <\/table>\n    \n    \n    \n<\/div>\n\n\n\n\n<h2 class=\"wp-block-heading has-text-align-center\"><\/h2>\n\n\n\n<h2 class=\"wp-block-heading has-text-align-center\">REGI\u00c3O CENTRO-OESTE<\/h2>\n\n\n<div id=\"footable_parent_1095\"\n         class=\" footable_parent ninja_table_wrapper loading_ninja_table wp_table_data_press_parent semantic_ui \">\n                <table data-ninja_table_instance=\"ninja_table_instance_3\" data-footable_id=\"1095\" data-filter-delay=\"1000\" aria-label=\"escolasCentroOeste\"            id=\"footable_1095\"\n           data-unique_identifier=\"ninja_table_unique_id_1390848346_1095\"\n           class=\" foo-table ninja_footable foo_table_1095 ninja_table_unique_id_1390848346_1095 ui table  nt_type_ajax_table selectable celled striped compact vertical_centered  footable-paging-right\">\n                <colgroup>\n                            <col class=\"ninja_column_0 \">\n                            <col class=\"ninja_column_1 \">\n                            <col class=\"ninja_column_2 \">\n                            <col class=\"ninja_column_3 \">\n                            <col class=\"ninja_column_4 \">\n                    <\/colgroup>\n            <\/table>\n    \n    \n    \n<\/div>\n\n\n\n\n<p><\/p>\n\n\n\n<h2 class=\"wp-block-heading has-text-align-center\">REGI\u00c3O NORTE<\/h2>\n\n\n<div id=\"footable_parent_1099\"\n         class=\" footable_parent ninja_table_wrapper loading_ninja_table wp_table_data_press_parent semantic_ui \">\n                <table data-ninja_table_instance=\"ninja_table_instance_4\" data-footable_id=\"1099\" data-filter-delay=\"1000\" aria-label=\"escolasNorte\"            id=\"footable_1099\"\n           data-unique_identifier=\"ninja_table_unique_id_606975458_1099\"\n           class=\" foo-table ninja_footable foo_table_1099 ninja_table_unique_id_606975458_1099 ui table  nt_type_ajax_table selectable celled striped compact vertical_centered  footable-paging-right\">\n                <colgroup>\n                            <col class=\"ninja_column_0 \">\n                            <col class=\"ninja_column_1 \">\n                            <col class=\"ninja_column_2 \">\n                            <col class=\"ninja_column_3 \">\n                            <col class=\"ninja_column_4 \">\n                    <\/colgroup>\n            <\/table>\n    \n    \n    \n<\/div>\n\n\n\n\n<h2 class=\"wp-block-heading has-text-align-center\"><\/h2>\n","protected":false},"excerpt":{"rendered":"<p>A Rede Nacional de Mulheres na Nanoci\u00eancia conta com a participa\u00e7\u00e3o de 20 [&hellip;]<\/p>\n","protected":false},"author":181,"featured_media":0,"parent":0,"menu_order":0,"comment_status":"closed","ping_status":"closed","template":"","meta":{"_price":"","_stock":"","_tribe_ticket_header":"","_tribe_default_ticket_provider":"","_tribe_ticket_capacity":"0","_ticket_start_date":"","_ticket_end_date":"","_tribe_ticket_show_description":"","_tribe_ticket_show_not_going":false,"_tribe_ticket_use_global_stock":"","_tribe_ticket_global_stock_level":"","_global_stock_mode":"","_global_stock_cap":"","_tribe_rsvp_for_event":"","_tribe_ticket_going_count":"","_tribe_ticket_not_going_count":"","_tribe_tickets_list":"[]","_tribe_ticket_has_attendee_info_fields":false,"footnotes":"","_tec_slr_enabled":"","_tec_slr_layout":""},"class_list":["post-81","page","type-page","status-publish","hentry"],"ticketed":false,"_links":{"self":[{"href":"https:\/\/redemulheresnano.ufn.edu.br\/index.php?rest_route=\/wp\/v2\/pages\/81","targetHints":{"allow":["GET"]}}],"collection":[{"href":"https:\/\/redemulheresnano.ufn.edu.br\/index.php?rest_route=\/wp\/v2\/pages"}],"about":[{"href":"https:\/\/redemulheresnano.ufn.edu.br\/index.php?rest_route=\/wp\/v2\/types\/page"}],"author":[{"embeddable":true,"href":"https:\/\/redemulheresnano.ufn.edu.br\/index.php?rest_route=\/wp\/v2\/users\/181"}],"replies":[{"embeddable":true,"href":"https:\/\/redemulheresnano.ufn.edu.br\/index.php?rest_route=%2Fwp%2Fv2%2Fcomments&post=81"}],"version-history":[{"count":8,"href":"https:\/\/redemulheresnano.ufn.edu.br\/index.php?rest_route=\/wp\/v2\/pages\/81\/revisions"}],"predecessor-version":[{"id":1102,"href":"https:\/\/redemulheresnano.ufn.edu.br\/index.php?rest_route=\/wp\/v2\/pages\/81\/revisions\/1102"}],"wp:attachment":[{"href":"https:\/\/redemulheresnano.ufn.edu.br\/index.php?rest_route=%2Fwp%2Fv2%2Fmedia&parent=81"}],"curies":[{"name":"wp","href":"https:\/\/api.w.org\/{rel}","templated":true}]}}