{"id":89,"date":"2025-05-08T15:11:02","date_gmt":"2025-05-08T15:11:02","guid":{"rendered":"http:\/\/mulheres-na-nano-2505.local\/?page_id=89"},"modified":"2025-05-31T18:10:09","modified_gmt":"2025-05-31T21:10:09","slug":"bolsistas","status":"publish","type":"page","link":"https:\/\/redemulheresnano.ufn.edu.br\/?page_id=89","title":{"rendered":"Bolsistas"},"content":{"rendered":"\n<p class=\"has-medium-font-size\">As bolsistas da <strong>Rede Nacional de Mulheres na Nanoci\u00eancia<\/strong> est\u00e3o distribu\u00eddas em cinco modalidades: <strong>Inicia\u00e7\u00e3o Cient\u00edfica J\u00fanior (ICJ)<\/strong>, <strong>Inicia\u00e7\u00e3o Cient\u00edfica (IC)<\/strong>, <strong>Apoio T\u00e9cnico \u2013 N\u00edvel Superior (AT-NS)<\/strong>, <strong>Apoio \u00e0 Difus\u00e3o do Conhecimento \u2013 N\u00edvel 1C (ADC-1C)<\/strong> e <strong>P\u00f3s-Doutorado J\u00fanior (PDJ)<\/strong>. <\/p>\n\n\n\n<h2 class=\"wp-block-heading has-text-align-center\">INICIA\u00c7\u00c3O CIENT\u00cdFICA J\u00daNIOR &#8211; ICJ<\/h2>\n\n\n<div id=\"footable_parent_1159\"\n         class=\" footable_parent ninja_table_wrapper loading_ninja_table wp_table_data_press_parent semantic_ui \">\n                <table data-ninja_table_instance=\"ninja_table_instance_0\" data-footable_id=\"1159\" data-filter-delay=\"1000\" aria-label=\"bolsistasICJ\"            id=\"footable_1159\"\n           data-unique_identifier=\"ninja_table_unique_id_1430453039_1159\"\n           class=\" foo-table ninja_footable foo_table_1159 ninja_table_unique_id_1430453039_1159 ui table  nt_type_ajax_table selectable celled striped compact vertical_centered  footable-paging-right\">\n                <colgroup>\n                            <col class=\"ninja_column_0 \">\n                            <col class=\"ninja_column_1 \">\n                            <col class=\"ninja_column_2 \">\n                    <\/colgroup>\n            <\/table>\n    \n    \n    \n<\/div>\n\n\n\n\n<p><\/p>\n\n\n\n<h2 class=\"wp-block-heading has-text-align-center\">INICIA\u00c7\u00c3O CIENT\u00cdFICA &#8211; IC<\/h2>\n\n\n<div id=\"footable_parent_1148\"\n         class=\" footable_parent ninja_table_wrapper loading_ninja_table wp_table_data_press_parent semantic_ui \">\n                <table data-ninja_table_instance=\"ninja_table_instance_1\" data-footable_id=\"1148\" data-filter-delay=\"1000\" aria-label=\"bolsistasIC\"            id=\"footable_1148\"\n           data-unique_identifier=\"ninja_table_unique_id_2045953783_1148\"\n           class=\" foo-table ninja_footable foo_table_1148 ninja_table_unique_id_2045953783_1148 ui table  nt_type_ajax_table selectable celled striped compact vertical_centered  footable-paging-right\">\n                <colgroup>\n                            <col class=\"ninja_column_0 \">\n                            <col class=\"ninja_column_1 \">\n                            <col class=\"ninja_column_2 \">\n                            <col class=\"ninja_column_3 \">\n                    <\/colgroup>\n            <\/table>\n    \n    \n    \n<\/div>\n\n\n\n\n<p><\/p>\n\n\n\n<h2 class=\"wp-block-heading has-text-align-center\">APOIO T\u00c9CNICO &#8211; N\u00cdVEL SUPERIOR (AT-NS)<\/h2>\n\n\n<div id=\"footable_parent_1151\"\n         class=\" footable_parent ninja_table_wrapper loading_ninja_table wp_table_data_press_parent semantic_ui \">\n                <table data-ninja_table_instance=\"ninja_table_instance_2\" data-footable_id=\"1151\" data-filter-delay=\"1000\" aria-label=\"bolsistasAT\"            id=\"footable_1151\"\n           data-unique_identifier=\"ninja_table_unique_id_1472022225_1151\"\n           class=\" foo-table ninja_footable foo_table_1151 ninja_table_unique_id_1472022225_1151 ui table  nt_type_ajax_table selectable celled striped compact vertical_centered  footable-paging-right\">\n                <colgroup>\n                            <col class=\"ninja_column_0 \">\n                            <col class=\"ninja_column_1 \">\n                            <col class=\"ninja_column_2 \">\n                    <\/colgroup>\n            <\/table>\n    \n    \n    \n<\/div>\n\n\n\n\n<p><\/p>\n\n\n\n<h2 class=\"wp-block-heading has-text-align-center\">P\u00f3s-Doutorado J\u00fanior (PDJ)<\/h2>\n\n\n<div id=\"footable_parent_1157\"\n         class=\" footable_parent ninja_table_wrapper loading_ninja_table wp_table_data_press_parent semantic_ui \">\n                <table data-ninja_table_instance=\"ninja_table_instance_3\" data-footable_id=\"1157\" data-filter-delay=\"1000\" aria-label=\"bolsistasPDJ\"            id=\"footable_1157\"\n           data-unique_identifier=\"ninja_table_unique_id_195023775_1157\"\n           class=\" foo-table ninja_footable foo_table_1157 ninja_table_unique_id_195023775_1157 ui table  nt_type_ajax_table selectable celled striped compact vertical_centered  footable-paging-right\">\n                <colgroup>\n                            <col class=\"ninja_column_0 \">\n                            <col class=\"ninja_column_1 \">\n                            <col class=\"ninja_column_2 \">\n                    <\/colgroup>\n            <\/table>\n    \n    \n    \n<\/div>\n\n","protected":false},"excerpt":{"rendered":"<p>As bolsistas da Rede Nacional de Mulheres na Nanoci\u00eancia est\u00e3o distribu\u00eddas em cinco [&hellip;]<\/p>\n","protected":false},"author":181,"featured_media":0,"parent":0,"menu_order":0,"comment_status":"closed","ping_status":"closed","template":"","meta":{"_price":"","_stock":"","_tribe_ticket_header":"","_tribe_default_ticket_provider":"","_tribe_ticket_capacity":"0","_ticket_start_date":"","_ticket_end_date":"","_tribe_ticket_show_description":"","_tribe_ticket_show_not_going":false,"_tribe_ticket_use_global_stock":"","_tribe_ticket_global_stock_level":"","_global_stock_mode":"","_global_stock_cap":"","_tribe_rsvp_for_event":"","_tribe_ticket_going_count":"","_tribe_ticket_not_going_count":"","_tribe_tickets_list":"[]","_tribe_ticket_has_attendee_info_fields":false,"footnotes":"","_tec_slr_enabled":"","_tec_slr_layout":""},"class_list":["post-89","page","type-page","status-publish","hentry"],"ticketed":false,"_links":{"self":[{"href":"https:\/\/redemulheresnano.ufn.edu.br\/index.php?rest_route=\/wp\/v2\/pages\/89","targetHints":{"allow":["GET"]}}],"collection":[{"href":"https:\/\/redemulheresnano.ufn.edu.br\/index.php?rest_route=\/wp\/v2\/pages"}],"about":[{"href":"https:\/\/redemulheresnano.ufn.edu.br\/index.php?rest_route=\/wp\/v2\/types\/page"}],"author":[{"embeddable":true,"href":"https:\/\/redemulheresnano.ufn.edu.br\/index.php?rest_route=\/wp\/v2\/users\/181"}],"replies":[{"embeddable":true,"href":"https:\/\/redemulheresnano.ufn.edu.br\/index.php?rest_route=%2Fwp%2Fv2%2Fcomments&post=89"}],"version-history":[{"count":18,"href":"https:\/\/redemulheresnano.ufn.edu.br\/index.php?rest_route=\/wp\/v2\/pages\/89\/revisions"}],"predecessor-version":[{"id":1162,"href":"https:\/\/redemulheresnano.ufn.edu.br\/index.php?rest_route=\/wp\/v2\/pages\/89\/revisions\/1162"}],"wp:attachment":[{"href":"https:\/\/redemulheresnano.ufn.edu.br\/index.php?rest_route=%2Fwp%2Fv2%2Fmedia&parent=89"}],"curies":[{"name":"wp","href":"https:\/\/api.w.org\/{rel}","templated":true}]}}