{"id":91,"date":"2025-05-08T15:12:36","date_gmt":"2025-05-08T15:12:36","guid":{"rendered":"http:\/\/mulheres-na-nano-2505.local\/?page_id=91"},"modified":"2025-08-29T18:44:03","modified_gmt":"2025-08-29T21:44:03","slug":"produtos-educacionais","status":"publish","type":"page","link":"https:\/\/redemulheresnano.ufn.edu.br\/?page_id=91","title":{"rendered":"Produtos Educacionais"},"content":{"rendered":"\n<h2 class=\"wp-block-heading has-text-align-center\">Livro &#8211; O Admir\u00e1vel Mundo Nanom\u00e9trico<\/h2>\n\n\n\n<div class=\"wp-block-media-text is-stacked-on-mobile\" style=\"grid-template-columns:21% auto\"><figure class=\"wp-block-media-text__media\"><img loading=\"lazy\" decoding=\"async\" width=\"230\" height=\"334\" src=\"https:\/\/redemulheresnano.ufn.edu.br\/wp-content\/uploads\/2025\/05\/livro.png\" alt=\"\" class=\"wp-image-847 size-full\" srcset=\"https:\/\/redemulheresnano.ufn.edu.br\/wp-content\/uploads\/2025\/05\/livro.png 230w, https:\/\/redemulheresnano.ufn.edu.br\/wp-content\/uploads\/2025\/05\/livro-207x300.png 207w\" sizes=\"auto, (max-width: 230px) 100vw, 230px\" \/><\/figure><div class=\"wp-block-media-text__content\">\n<p class=\"has-text-align-center has-medium-font-size\">Lan\u00e7ado em 21 de agosto de 2024 durante o XI Workshop em Nanoci\u00eancia, o livro <em>O Admir\u00e1vel Mundo Nanom\u00e9trico \u2013 Conceitos, Propriedades e Nanomateriais<\/em> tem como objetivo introduzir o p\u00fablico jovem ao universo do mundo nanosc\u00f3pico, explorando seus fundamentos, propriedades e diversas aplica\u00e7\u00f5es da nanotecnologia. A obra foi elaborada pelas autoras Isabel Roggia, Ivana da Silva, Mariana Zancan Tonel, Patr\u00edcia Gomes e Solange Binotto Fagan.<\/p>\n<\/div><\/div>\n\n\n\n<p><\/p>\n\n\n\n<h2 class=\"wp-block-heading has-text-align-center\">Jogo Digital &#8211; Admir\u00e1vel Mundo Nano<\/h2>\n\n\n\n<div class=\"wp-block-media-text has-media-on-the-right is-stacked-on-mobile\" style=\"grid-template-columns:auto 40%\"><div class=\"wp-block-media-text__content\">\n<p class=\"has-text-align-center has-medium-font-size\">Jogue com o Nanon, o mascote criado pelo Instituto Nacional de Ci\u00eancia e Tecnologia \u2013 Nanocarbono, invis\u00edvel, extremamente forte e flex\u00edvel!<\/p>\n\n\n\n<p class=\"has-text-align-center\" style=\"font-size:22px\"><strong><a href=\"https:\/\/julickc.itch.io\/nanoon\" target=\"_blank\" rel=\"noreferrer noopener\">Clique aqui<\/a> para jogar !<\/strong><\/p>\n<\/div><figure class=\"wp-block-media-text__media\"><img loading=\"lazy\" decoding=\"async\" width=\"768\" height=\"461\" src=\"https:\/\/redemulheresnano.ufn.edu.br\/wp-content\/uploads\/2025\/05\/jogoonlinenano.png\" alt=\"\" class=\"wp-image-833 size-full\" srcset=\"https:\/\/redemulheresnano.ufn.edu.br\/wp-content\/uploads\/2025\/05\/jogoonlinenano.png 768w, https:\/\/redemulheresnano.ufn.edu.br\/wp-content\/uploads\/2025\/05\/jogoonlinenano-300x180.png 300w\" sizes=\"auto, (max-width: 768px) 100vw, 768px\" \/><\/figure><\/div>\n\n\n\n<p><\/p>\n\n\n\n<h2 class=\"wp-block-heading has-text-align-center\">Jogo de Tabuleiro \u2013 Admir\u00e1vel Mundo Nano!<\/h2>\n\n\n\n<div class=\"wp-block-media-text is-stacked-on-mobile\" style=\"grid-template-columns:40% auto\"><figure class=\"wp-block-media-text__media\"><img loading=\"lazy\" decoding=\"async\" width=\"1024\" height=\"683\" src=\"https:\/\/redemulheresnano.ufn.edu.br\/wp-content\/uploads\/2025\/05\/jogotabuleiro-1024x683.jpeg\" alt=\"\" class=\"wp-image-832 size-full\" srcset=\"https:\/\/redemulheresnano.ufn.edu.br\/wp-content\/uploads\/2025\/05\/jogotabuleiro-1024x683.jpeg 1024w, https:\/\/redemulheresnano.ufn.edu.br\/wp-content\/uploads\/2025\/05\/jogotabuleiro-300x200.jpeg 300w, https:\/\/redemulheresnano.ufn.edu.br\/wp-content\/uploads\/2025\/05\/jogotabuleiro-768x512.jpeg 768w, https:\/\/redemulheresnano.ufn.edu.br\/wp-content\/uploads\/2025\/05\/jogotabuleiro.jpeg 1500w\" sizes=\"auto, (max-width: 1024px) 100vw, 1024px\" \/><\/figure><div class=\"wp-block-media-text__content\">\n<p class=\"has-text-align-center has-medium-font-size\">No ano de 2023, o projeto Admir\u00e1vel Mundo Nano desenvolveu uma trilha de nanoci\u00eancias, um jogo de tabuleiro para explorar diferentes nanomateriais de carbonos, suas diferentes dimens\u00f5es, propriedades e aplica\u00e7\u00f5es!<\/p>\n<\/div><\/div>\n\n\n\n<p><\/p>\n\n\n\n<h2 class=\"wp-block-heading has-text-align-center\">Jogo Nanomem\u00f3ria Farmac\u00eautica<\/h2>\n\n\n\n<div class=\"wp-block-media-text has-media-on-the-right is-stacked-on-mobile\" style=\"grid-template-columns:auto 30%\"><div class=\"wp-block-media-text__content\">\n<p class=\"has-medium-font-size\">Em 2025, durante o evento Ludens, foi apresentado o jogo Nanomem\u00f3ria Farmac\u00eautica, elaborado pelas pesquisadoras do N\u00facleo Capim Dourado da Rede Nacional de Meninas e Mulheres na Nanoci\u00eancia: Profa. Dra. Eliana Martins Lima (coordenadora), Dra. Nathalia Correa, Me. Marcilia Pavam e Dra. Lucl\u00e9cia Dias, em colabora\u00e7\u00e3o com a IC de gradua\u00e7\u00e3o Maria Clara Alves e as ICs J\u00fanior Maria Eduarda e Emanuelly.<\/p>\n\n\n\n<p class=\"has-medium-font-size\">Recomendamos que o jogo seja impresso em papel com gramatura de 120 g\/m\u00b2, como o utilizado durante o evento, que proporciona uma boa resist\u00eancia para o manuseio das crian\u00e7as sem perder a flexibilidade. Al\u00e9m disso, configure a impressora para impress\u00e3o frente e verso, pois o verso das cartas do jogo cont\u00e9m a arte padronizada com os dizeres \u201cNanomem\u00f3ria Farmac\u00eautica\u201d, conforme as regras cl\u00e1ssicas de um jogo da mem\u00f3ria.<\/p>\n\n\n\n<p class=\"has-medium-font-size\">Vamos juntos tornar a ci\u00eancia mais l\u00fadica&nbsp;e&nbsp;inclusiva!<\/p>\n\n\n\n<p class=\"has-text-align-center\" style=\"font-size:22px\"><strong><a href=\"https:\/\/redemulheresnano.ufn.edu.br\/wp-content\/uploads\/2025\/06\/Jogo-Nanomemoria-Farmaceutica.pdf\" target=\"_blank\" rel=\"noreferrer noopener\">Clique aqui<\/a> para baixar.<\/strong><\/p>\n<\/div><figure class=\"wp-block-media-text__media\"><img loading=\"lazy\" decoding=\"async\" width=\"427\" height=\"585\" src=\"https:\/\/redemulheresnano.ufn.edu.br\/wp-content\/uploads\/2025\/06\/Captura-de-tela-2025-06-02-165222.png\" alt=\"\" class=\"wp-image-1228 size-full\" srcset=\"https:\/\/redemulheresnano.ufn.edu.br\/wp-content\/uploads\/2025\/06\/Captura-de-tela-2025-06-02-165222.png 427w, https:\/\/redemulheresnano.ufn.edu.br\/wp-content\/uploads\/2025\/06\/Captura-de-tela-2025-06-02-165222-219x300.png 219w\" sizes=\"auto, (max-width: 427px) 100vw, 427px\" \/><\/figure><\/div>\n\n\n\n<h2 class=\"wp-block-heading has-text-align-center\">MiNa &#8211; Miss\u00e3o Nanoverso<\/h2>\n\n\n\n<div class=\"wp-block-media-text is-stacked-on-mobile\" style=\"grid-template-columns:31% auto\"><figure class=\"wp-block-media-text__media\"><img loading=\"lazy\" decoding=\"async\" width=\"394\" height=\"556\" src=\"https:\/\/redemulheresnano.ufn.edu.br\/wp-content\/uploads\/2025\/08\/Captura-de-tela-2025-08-22-223659.png\" alt=\"\" class=\"wp-image-1637 size-full\" srcset=\"https:\/\/redemulheresnano.ufn.edu.br\/wp-content\/uploads\/2025\/08\/Captura-de-tela-2025-08-22-223659.png 394w, https:\/\/redemulheresnano.ufn.edu.br\/wp-content\/uploads\/2025\/08\/Captura-de-tela-2025-08-22-223659-213x300.png 213w\" sizes=\"auto, (max-width: 394px) 100vw, 394px\" \/><\/figure><div class=\"wp-block-media-text__content\">\n<p class=\"has-text-align-center has-medium-font-size\">O jogo MiNa, Miss\u00e3o Nanoverso, foi elaborado em 2025 pela professora Valdeane Oliveira do n\u00facleo Umbu. O MiNa vai muito al\u00e9m da divers\u00e3o: ele convida os participantes a explorarem o mundo da nanoci\u00eancia e da nanotecnologia, aprendendo de forma l\u00fadica e interativa atrav\u00e9s de perguntas inspiradas no material da Olimp\u00edada Nacional de Nanotecnologia. A cada giro da roleta, s\u00e3o novos desafios, fatos curiosos, c\u00e1lculos e descobertas surpreendentes que mostram como a nanotecnologia j\u00e1 faz parte do nosso dia a dia.<\/p>\n\n\n\n<p class=\"has-text-align-center has-medium-font-size\"> Valdeane Oliveira \u00e9 licenciada em Hist\u00f3ria pela UNEB (2000) e em Matem\u00e1tica pelo Centro Universit\u00e1rio Internacional (2019). Atualmente \u00e9 professora de Hist\u00f3ria e Matem\u00e1tica do ensino b\u00e1sico do Col\u00e9gio Estadual Landulfo Almeida Alves e do Centro Educacional Cruzalmente no munic\u00edpio de Cruz das Almas\/BA. Possui Especializa\u00e7\u00e3o em Novas Metodologias Aplicadas \u00e0 Educa\u00e7\u00e3o pela  FACINTER (2006), Mestrado Profissional em Planejamento Ambiental pela UCSAL, (2013) e cursa P\u00f3s-gradua\u00e7\u00e3o em Ensino de Nanoci\u00eancias e&nbsp;Nanotecnologia.<\/p>\n\n\n\n<p class=\"has-text-align-center has-medium-font-size\">Venha descobrir o que os olhos n\u00e3o veem mas a&nbsp;ci\u00eancia&nbsp;revela!<\/p>\n\n\n\n<p class=\"has-text-align-center\" style=\"font-size:22px\">   <strong><a href=\"https:\/\/redemulheresnano.ufn.edu.br\/wp-content\/uploads\/2025\/08\/MiNa-Missao-Nanoverso.pdf\">Clique aqui<\/a> para baixar.<\/strong><\/p>\n<\/div><\/div>\n","protected":false},"excerpt":{"rendered":"<p>Livro &#8211; O Admir\u00e1vel Mundo Nanom\u00e9trico Lan\u00e7ado em 21 de agosto de 2024 [&hellip;]<\/p>\n","protected":false},"author":181,"featured_media":0,"parent":0,"menu_order":0,"comment_status":"closed","ping_status":"closed","template":"","meta":{"_price":"","_stock":"","_tribe_ticket_header":"","_tribe_default_ticket_provider":"","_tribe_ticket_capacity":"0","_ticket_start_date":"","_ticket_end_date":"","_tribe_ticket_show_description":"","_tribe_ticket_show_not_going":false,"_tribe_ticket_use_global_stock":"","_tribe_ticket_global_stock_level":"","_global_stock_mode":"","_global_stock_cap":"","_tribe_rsvp_for_event":"","_tribe_ticket_going_count":"","_tribe_ticket_not_going_count":"","_tribe_tickets_list":"[]","_tribe_ticket_has_attendee_info_fields":false,"footnotes":"","_tec_slr_enabled":"","_tec_slr_layout":""},"class_list":["post-91","page","type-page","status-publish","hentry"],"ticketed":false,"_links":{"self":[{"href":"https:\/\/redemulheresnano.ufn.edu.br\/index.php?rest_route=\/wp\/v2\/pages\/91","targetHints":{"allow":["GET"]}}],"collection":[{"href":"https:\/\/redemulheresnano.ufn.edu.br\/index.php?rest_route=\/wp\/v2\/pages"}],"about":[{"href":"https:\/\/redemulheresnano.ufn.edu.br\/index.php?rest_route=\/wp\/v2\/types\/page"}],"author":[{"embeddable":true,"href":"https:\/\/redemulheresnano.ufn.edu.br\/index.php?rest_route=\/wp\/v2\/users\/181"}],"replies":[{"embeddable":true,"href":"https:\/\/redemulheresnano.ufn.edu.br\/index.php?rest_route=%2Fwp%2Fv2%2Fcomments&post=91"}],"version-history":[{"count":29,"href":"https:\/\/redemulheresnano.ufn.edu.br\/index.php?rest_route=\/wp\/v2\/pages\/91\/revisions"}],"predecessor-version":[{"id":1676,"href":"https:\/\/redemulheresnano.ufn.edu.br\/index.php?rest_route=\/wp\/v2\/pages\/91\/revisions\/1676"}],"wp:attachment":[{"href":"https:\/\/redemulheresnano.ufn.edu.br\/index.php?rest_route=%2Fwp%2Fv2%2Fmedia&parent=91"}],"curies":[{"name":"wp","href":"https:\/\/api.w.org\/{rel}","templated":true}]}}